887 (base 12) to base 7
-2504446
Convert 1806ac (base 15) to base 7.
12624042
Convert 58a0 (base 13) to base 11.
9404
What is 12300244 (base 6) in base 4?
1200312010
What is -1114013412 (base 5) in base 8?
-11366352
Convert 342d15 (base 14) to base 12.
717387
What is 1b09a (base 15) in base 2?
10101011101010111
-118889 (base 10) to base 13
-42164
-50321100 (base 6) to base 14
-2918a8
220220100210202 (base 3) to base 10
13234124
Convert 3210320341 (base 5) to base 2.
11001101010111011111111
Convert -220170 (base 8) to base 10.
-73848
-1036578 (base 12) to base 6
-145323432
-445523534 (base 6) to base 14
-1112cdc
What is -12541152 (base 6) in base 7?
-3356324
What is 343115 (base 7) in base 15?
13195
-223033313 (base 4) to base 16
-2b3f7
Convert -10044125 (base 6) to base 13.
-a026b
-428002 (base 11) to base 3
-1021202110101
What is 894aa (base 13) in base 14?
66ab3
-5afce4 (base 16) to base 11
-3403091
What is 307731 (base 11) in base 12?
1b9607
What is -84242 (base 13) in base 6?
-5032152
What is 1034234211 (base 5) in base 12?
90b135
221003230322 (base 4) to base 2
101001000011101100111010
Convert -704a71 (base 14) to base 4.
-32122110023
Convert 1014042231 (base 5) to base 15.
2b6311
What is -38883 (base 14) in base 6?
-2550551
Convert a2742 (base 12) to base 8.
635642
111010101101101110100001 (base 2) to base 13
325b9b0
Convert -10606165 (base 7) to base 12.
-388237
-26b29c3 (base 13) to base 5
-11110422441
-10000100110111100111 (base 2) to base 16
-84de7
What is 11000010111001001010 (base 2) in base 14?
16acc2
Convert 11421312 (base 6) to base 14.
955c8
Convert 6262 (base 12) to base 15.
32a5
What is -48ed8 (base 15) in base 3?
-102211102012
What is 1141503 (base 6) in base 4?
32221233
Convert 78ab3 (base 12) to base 2.
100111001100100111
Convert 5422310 (base 7) to base 13.
1a1bc0
What is -31520206 (base 7) in base 11?
-1569486
73339 (base 13) to base 12
9ba01
What is b6a8a (base 12) in base 5?
30140020
What is -13555305 (base 8) in base 15?
-409c5b
Convert 11122000100012 (base 3) to base 6.
124423435
Convert -482026 (base 9) to base 15.
-5ae96
What is -33222312111 (base 4) in base 9?
-7650586
What is 4469413 (base 10) in base 2?
10001000011001010100101
What is -1121302422 (base 5) in base 12?
-a1952a
111302023331 (base 4) to base 7
66352643
1923112 (base 10) to base 11
10a3954
What is 3700 (base 15) in base 6?
130100
What is 33121124 (base 6) in base 13?
288a57
48a448 (base 11) to base 3
1110101100022
-129393 (base 10) to base 7
-1046145
12010002002121 (base 3) to base 7
32046364
Convert -283030 (base 9) to base 13.
-60864
-152560a (base 12) to base 2
-10000010101001100101010
What is 677888 (base 9) in base 7?
3310553
What is -173933 (base 10) in base 14?
-4755b
1011441303 (base 5) to base 7
23345614
What is -118380 (base 9) in base 7?
-416130
Convert -1f69b (base 16) to base 8.
-373233
Convert 121210331 (base 4) to base 13.
388bb
Convert -15448a5 (base 11) to base 15.
-372b42
Convert -1675491 (base 11) to base 9.
-5320142
What is 1010011000011001 (base 2) in base 6?
524505
105000123 (base 6) to base 9
3535056
-10b73 (base 15) to base 11
-36a81
What is -1001001011100011010000 (base 2) in base 12?
-980868
1a52c0 (base 13) to base 3
1020221211220
Convert -2309a (base 14) to base 9.
-138776
17d75 (base 15) to base 11
5307a
17a392 (base 11) to base 7
2233330
Convert 1157749 (base 10) to base 2.
100011010101001110101
73722 (base 12) to base 4
210331022
1310434014 (base 5) to base 4
30101221121
Convert -100010100100010001011 (base 2) to base 14.
-216add
Convert -13986 (base 13) to base 7.
-212145
-50525 (base 12) to base 2
-11001011111101101
-1101011100100110 (base 2) to base 9
-83487
What is -116075 (base 9) in base 10?
-70052
Convert 237216 (base 11) to base 5.
44004401
Convert -100012221211120 (base 3) to base 9.
-10187746
What is 30333143 (base 6) in base 15?
122190
Convert -80b12 (base 14) to base 9.
-521488
Convert -1c49dc (base 16) to base 15.
-269496
-24a100a (base 11) to base 8
-20422745
46439 (base 14) to base 5
20432323
-220412 (base 9) to base 4
-200013203
-21425352 (base 6) to base 12
-26b258
What is -106812 (base 10) in base 12?
-51990
What is 2042534 (base 8) in base 12?
221824
Convert 168444c (base 13) to base 9.
14644480
What is -32160420 (base 8) in base 14?
-cacc24
What is 47338 (base 10) in base 8?
134352
Convert b428 (base 12) to base 16.
4ca0
106240 (base 8) to base 10
36000
Convert 6d6a8c (base 14) to base 9.
7037030
Convert 432a9 (base 11) to base 9.
105268
-47309 (base 15) to base 14
-5c929
What is a2bc9a (base 14) in base 4?
110323302000
-172c39b (base 13) to base 8
-34513735
What is 727576 (base 11) in base 8?
4346464
135021 (base 7) to base 15
7960
What is dd7240 (base 15) in base 10?
10554135
367e (base 16) to base 8
33176
What is 5a077 (base 12) in base 16?
1d8db
What is -2626d0 (base 14) in base 5?
-314003430
What is 337bb35 (base 12) in base 7?
146616122
Convert 121991 (base 10) to base 7.
1015442
10100001000110101 (base 2) to base 4
110020311
Convert -740266 (base 8) to base 9.
-414328
Convert 5534b (base 12) to base 16.
1b8ab
-306c3a (base 14) to base 8
-6164124
What is 819678 (base 16) in base 2?
100000011001011001111000
What is 101010011011100000011 (base 2) in base 9?
2548161
Convert -2112203012 (base 4) to base 9.
-1138782
1213111210 (base 4) to base 11
26a00a
What is -85a069 (base 14) in base 13?
-c2447c
Convert -60db (base 14) to base 9.
-24757
What is -17b14a (base 13) in base 4?
-2101122202
What is -1110001001110101100 (base 2) in base 14?
-c103a
-2011477 (base 11) to base 12
-1237ba6
2302321 (base 5) to base 9
62162
What is 20222200101 (base 4) in base 14?
431a01
Convert 1532623 (base 12) to base 4.
100120333323
Convert 11011001000110111011 (base 2) to base 12.
36a763
What is -5729db (base 16) in base 15?
-77c832
What is 1332301200 (base 4) in base 15?
a3cc9
What is -146204 (base 9) in base 8?
-257351
21012121 (base 5) to base 10
172786
Convert -1010101001101010101 (base 2) to base 13.
-c2b22
What is -11520054 (base 6) in base 13?
-cb713
92031 (base 12) to base 14
4d3db
Convert -896a7 (base 13) to base 3.
-110200010111
-110100111110100 (base 2) to base 4
-12213310
1110022022 (base 4) to base 11
215a97
-12107b (base 13) to base 5
-102240324
4024413 (base 5) to base 13
233a8
What is 20466 (base 15) in base 10?
102246
Convert 2664037 (base 9) to base 14.
29dc56
249b91 (base 13) to base 6
30455300
What is 4411260 (base 7) in base 12?
220ab0
What is 45a37 (base 13) in base 4?
132333311
-827b89 (base 12) to base 6
-111503453
182732 (base 11) to base 5
33003343
Convert -11100100111101000111 (base 2) to base 7.
-10654052
41397 (base 12) to base 8
246343
-4861197 (base 10) to base 12
-1765239
What is 2476365 (base 9) in base 2?
101001001100000110001
What is 1546cc6 (base 13) in base 7?
111623440
Convert 1913191 (base 11) to base 16.
316fc3
Convert -274154 (base 9) to base 10.
-167071
Convert -1111533551 (base 6) to base 2.
-101110010000110100101011
155403 (base 9) to base 16
17652
Convert -1130021102 (base 4) to base 10.
-377426
293a95 (base 16) to base 9
5067362
Convert 20122022200202 (base 3) to base 4.
31131231323
17356989 (base 10) to base 11
9885621
What is -110100111101100101 (base 2) in base 6?
-4352153
Convert -27613564 (base 9) to base 10.
-13649530
What is 1421023323 (base 5) in base 2?
1110000100101011111101
Convert -1474760 (base 10) to base 8.
-5500310
-545809 (base 11) to base 15
-12331b
2444234102 (base 5) to base 4
112110303302
Convert -1010001010101 (base 3) to base 15.
-ba30a
Convert -32443505 (base 6) to base 11.
-602a58
-4bb541 (base 12) to base 16
-12f841
What is -57ba7 (base 12) in base 6?
-2303531
What is -116445 (base 7) in base 11?
-15171
What is 141103442 (base 6) in base 9?
5330708
Convert -52f4d (base 16) to base 11.
-21231a
What is 1012102201 (base 4) in base 14?
76cc9
-371169 (base 16) to base 15
-4b44ac
What is 23564566 (base 7) in base 15?
2b73e4
1000001000110100101101 (base 2) to base 12
86a665
What is 234199 (base 12) in base 6?
20053113
14505525 (base 6) to base 14
d2941
What is -18815 (base 16) in base 10?
-100373
300340344 (base 5) to base 11
739497
-10001111000101010101 (base 2) to base 10
-586069
Convert -1317664 (base 8) to base 12.
-159358
Convert -25054a5 (base 11